git of 1515469410?
4
What is the hundred thousands digit of 203753214?
7
What is the ten millions digit of 368403654?
6
What is the thousands digit of 671421142?
1
What is the hundred millions digit of 1683332489?
6
What is the units digit of 161527605?
5
What is the millions digit of 69385362?
9
What is the ten thousands digit of 716012163?
1
What is the tens digit of 24756567?
6
What is the hundred millions digit of 4507919308?
5
What is the millions digit of 1333022765?
3
What is the ten thousands digit of 86116791?
1
What is the millions digit of 76070775?
6
What is the ten thousands digit of 10848077?
4
What is the thousands digit of 43006439?
6
What is the hundred millions digit of 6001086366?
0
What is the units digit of 30321522?
2
What is the ten millions digit of 472749524?
7
What is the hundred thousands digit of 3336201865?
2
What is the ten millions digit of 3457074149?
5
What is the hundred thousands digit of 349265935?
2
What is the tens digit of 377871917?
1
What is the hundred thousands digit of 805439667?
4
What is the ten thousands digit of 289905177?
0
What is the hundreds digit of 57607334?
3
What is the units digit of 7685564919?
9
What is the hundreds digit of 175081806?
8
What is the ten millions digit of 3959938325?
5
What is the ten thousands digit of 190528550?
2
What is the millions digit of 665776138?
5
What is the hundreds digit of 108999512?
5
What is the thousands digit of 410727331?
7
What is the ten millions digit of 1746477815?
4
What is the hundred millions digit of 450265083?
4
What is the millions digit of 993734609?
3
What is the millions digit of 231847221?
1
What is the units digit of 1000313016?
6
What is the hundreds digit of 3399855989?
9
What is the hundreds digit of 14822723?
7
What is the ten millions digit of 2743482538?
4
What is the ten millions digit of 3350502934?
5
What is the units digit of 29396684?
4
What is the thousands digit of 17460489?
0
What is the ten millions digit of 572356427?
7
What is the hundred thousands digit of 2816047?
8
What is the tens digit of 29165691?
9
What is the hundred millions digit of 592019874?
5
What is the thousands digit of 1119098099?
8
What is the billions digit of 1946927477?
1
What is the tens digit of 2603151753?
5
What is the millions digit of 68462057?
8
What is the hundred millions digit of 194280567?
1
What is the units digit of 416072052?
2
What is the ten millions digit of 453141294?
5
What is the thousands digit of 2092969145?
9
What is the billions digit of 1269019636?
1
What is the ten millions digit of 80679494?
8
What is the hundred thousands digit of 1496715371?
7
What is the hundred thousands digit of 30689568?
6
What is the hundreds digit of 57456369?
3
What is the hundred millions digit of 608340249?
6
What is the hundred millions digit of 3044815912?
0
What is the ten millions digit of 1361451712?
6
What is the units digit of 26065220?
0
What is the ten millions digit of 63190297?
6
What is the ten thousands digit of 35200238?
0
What is the ten thousands digit of 289699213?
9
What is the units digit of 2005709905?
5
What is the hundred millions digit of 315093708?
3
What is the ten thousands digit of 559271236?
7
What is the millions digit of 441453451?
1
What is the hundred thousands digit of 3925386960?
3
What is the hundred thousands digit of 1387254466?
2
What is the hundreds digit of 107846872?
8
What is the hundred thousands digit of 2428328892?
3
What is the hundreds digit of 6609214388?
3
What is the millions digit of 341113371?
1
What is the ten thousands digit of 1826440482?
4
What is the units digit of 60126916?
6
What is the ten thousands digit of 5125000?
2
What is the thousands digit of 217909985?
9
What is the units digit of 2716532052?
2
What is the hundreds digit of 65336825?
8
What is the millions digit of 251191997?
1
What is the ten thousands digit of 26040743?
4
What is the hundred thousands digit of 209959119?
9
What is the units digit of 1027290365?
5
What is the hundreds digit of 2717421476?
4
What is the hundred millions digit of 393472228?
3
What is the hundred thousands digit of 30244080?
2
What is the ten thousands digit of 319586904?
8
What is the hundreds digit of 3048007638?
6
What is the thousands digit of 1136844134?
4
What is the hundreds digit of 27443923?
9
What is the thousands digit of 63647620?
7
What is the billions digit of 8117667991?
8
What is the hundreds digit of 5179688814?
8
What is the hundreds digit of 6386177789?
7
What is the units digit of 142993189?
9
What is the tens digit of 8453543?
4
What is the ten thousands digit of 52577963?
7
What is the hundreds digit of 2543313929?
9
What is the units digit of 1853238913?
3
What is the ten thousands digit of 227171367?
7
What is the hundred thousands digit of 13027244?
0
What is the hundred thousands digit of 39309017?
3
What is the thousands digit of 1401020129?
0
What is the tens digit of 236580487?
8
What is the ten thousands digit of 73387301?
8
What is the ten millions digit of 48865067?
4
What is the hundred thousands digit of 1998627119?
6
What is the units digit of 36591533?
3
What is the hundreds digit of 113301394?
3
What is the units digit of 41634562?
2
What is the millions digit of 66693734?
6
What is the ten thousands digit of 60614608?
1
What is the tens digit of 3662028957?
5
What is the ten millions digit of 49410544?
4
What is the tens digit of 229689955?
5
What is the millions digit of 62278274?
2
What is the hundreds digit of 370131016?
0
What is the millions digit of 186768225?
6
What is the ten millions digit of 48114983?
4
What is the hundred thousands digit of 10328096?
3
What is the hundreds digit of 25232141?
1
What is the tens digit of 44579320?
2
What is the hundred thousands digit of 373477151?
4
What is the hundred millions digit of 280729211?
2
What is the thousands digit of 4177321253?
1
What is the hundred thousands digit of 673641743?
6
What is the ten thousands digit of 54043315?
4
What is the ten thousands digit of 17571077?
7
What is the hundreds digit of 2238623864?
8
What is the billions digit of 2484912287?
2
What is the units digit of 147822448?
8
What is the hundred thousands digit of 69698492?
6
What is the hundred thousands digit of 2437075316?
0
What is the ten millions digit of 150188739?
5
What is the ten millions digit of 74850954?
7
What is the hundred thousands digit of 27056313?
0
What is the billions digit of 1705051735?
1
What is the units digit of 3529364799?
9
What is the hundreds digit of 141607768?
7
What is the tens digit of 11534445?
4
What is the thousands digit of 4499963954?
3
What is the thousands digit of 842225896?
5
What is the hundred millions digit of 552329549?
5
What is the hundred millions digit of 2779805672?
7
What is the units digit of 962229885?
5
What is the billions digit of 6044717401?
6
What is the tens digit of 209927254?
5
What is the thousands digit of 4603480048?
0
What is the hundred millions digit of 499760084?
4
What is the ten millions digit of 39680811?
3
What is the tens digit of 5668096?
9
What is the hundred thousands digit of 1266002569?
0
What is the millions digit of 3901988469?
1
What is the hundred millions digit of 1316345967?
3
What is the millions digit of 3545355932?
5
What is the units digit of 75801834?
4
What is the tens digit of 4127595328?
2
What is the tens digit of 2506941718?
1
What is the ten millions digit of 1831571752?
3
What is the ten millions digit of 607428460?
0
What is the millions digit of 340741793?
0
What is the hundreds digit of 841306752?
7
What is the thousands digit of 1193110219?
0
What is the thousands digit of 762897538?
7
What is the ten millions digit of 10096254?
1
What is the ten thousands digit of 49372437?
7
What is the hundred thousands digit of 2035160152?
1
What is the ten thousands digit of 21630542?
3
What is the millions digit of 37644745?
7
What is the ten thousands digit of 1522198352?
9
What is the tens digit of 75778546?
4
What is the billions digit of 2568044037?
2
What is the hundred millions digit of 507639243?
5
What is the units digit of 3541233346?
6
What is the ten thousands digit of 3471217940?
1
What is the ten millions digit of 527603089?
2
What is the thousands digit of 65462036?
2
Wh